{"id":17,"date":"2025-12-28T04:58:53","date_gmt":"2025-12-28T04:58:53","guid":{"rendered":"https:\/\/myrtoskitchen.previewmysite.online\/?page_id=17"},"modified":"2026-01-03T05:39:57","modified_gmt":"2026-01-03T05:39:57","slug":"contacte","status":"publish","type":"page","link":"https:\/\/myrtoskitchen.previewmysite.online\/index.php\/contacte\/","title":{"rendered":"Contacte"},"content":{"rendered":"\t\t<div data-elementor-type=\"wp-page\" data-elementor-id=\"17\" class=\"elementor elementor-17\" data-elementor-post-type=\"page\">\n\t\t\t\t<div class=\"elementor-element elementor-element-652c3334 e-flex e-con-boxed e-con e-parent\" data-id=\"652c3334\" data-element_type=\"container\" data-e-type=\"container\" data-settings=\"{&quot;background_background&quot;:&quot;classic&quot;,&quot;jet_parallax_layout_list&quot;:[]}\">\n\t\t\t\t\t<div class=\"e-con-inner\">\n\t\t<div class=\"elementor-element elementor-element-4c54e7be e-con-full e-flex e-con e-child\" data-id=\"4c54e7be\" data-element_type=\"container\" data-e-type=\"container\" data-settings=\"{&quot;jet_parallax_layout_list&quot;:[]}\">\n\t\t\t\t<div class=\"elementor-element elementor-element-3b677cbb elementor-invisible elementor-widget elementor-widget-heading\" data-id=\"3b677cbb\" data-element_type=\"widget\" data-e-type=\"widget\" data-settings=\"{&quot;_animation&quot;:&quot;fadeInLeft&quot;}\" data-widget_type=\"heading.default\">\n\t\t\t\t\t<h1 class=\"elementor-heading-title elementor-size-default\">Contacte<\/h1>\t\t\t\t<\/div>\n\t\t<div class=\"elementor-element elementor-element-28291cf e-con-full e-flex elementor-invisible e-con e-child\" data-id=\"28291cf\" data-element_type=\"container\" data-e-type=\"container\" data-settings=\"{&quot;animation&quot;:&quot;fadeInRight&quot;,&quot;jet_parallax_layout_list&quot;:[]}\">\n\t\t\t\t<div class=\"elementor-element elementor-element-5348e18e elementor-icon-list-ico-position-10 elementor-icon-list--layout-traditional elementor-list-item-link-full_width elementor-widget elementor-widget-icon-list\" data-id=\"5348e18e\" data-element_type=\"widget\" data-e-type=\"widget\" data-widget_type=\"icon-list.default\">\n\t\t\t\t\t\t\t<ul class=\"elementor-icon-list-items\">\n\t\t\t\t\t\t\t<li class=\"elementor-icon-list-item\">\n\t\t\t\t\t\t\t\t\t\t\t<a href=\"https:\/\/myrtoskitchen.previewmysite.online\/\">\n\n\t\t\t\t\t\t\t\t\t\t\t\t<span class=\"elementor-icon-list-icon\">\n\t\t\t\t\t\t\t<svg aria-hidden=\"true\" class=\"e-font-icon-svg e-fas-chevron-right\" viewBox=\"0 0 320 512\" xmlns=\"http:\/\/www.w3.org\/2000\/svg\"><path d=\"M285.476 272.971L91.132 467.314c-9.373 9.373-24.569 9.373-33.941 0l-22.667-22.667c-9.357-9.357-9.375-24.522-.04-33.901L188.505 256 34.484 101.255c-9.335-9.379-9.317-24.544.04-33.901l22.667-22.667c9.373-9.373 24.569-9.373 33.941 0L285.475 239.03c9.373 9.372 9.373 24.568.001 33.941z\"><\/path><\/svg>\t\t\t\t\t\t<\/span>\n\t\t\t\t\t\t\t\t\t\t<span class=\"elementor-icon-list-text\">Inici<\/span>\n\t\t\t\t\t\t\t\t\t\t\t<\/a>\n\t\t\t\t\t\t\t\t\t<\/li>\n\t\t\t\t\t\t<\/ul>\n\t\t\t\t\t\t<\/div>\n\t\t\t\t<div class=\"elementor-element elementor-element-69c54606 elementor-widget elementor-widget-gum_heading\" data-id=\"69c54606\" data-element_type=\"widget\" data-e-type=\"widget\" data-widget_type=\"gum_heading.default\">\n\t\t\t\t<div class=\"elementor-widget-container\">\n\t\t\t\t\t<div class=\"gum-widget-title\"><div class=\"section-main-title size-default\">Contacte<\/div><\/div>\t\t\t\t<\/div>\n\t\t\t\t<\/div>\n\t\t\t\t<\/div>\n\t\t\t\t<\/div>\n\t\t\t\t\t<\/div>\n\t\t\t\t<\/div>\n\t\t<div class=\"elementor-element elementor-element-7d7ba055 e-flex e-con-boxed e-con e-parent\" data-id=\"7d7ba055\" data-element_type=\"container\" data-e-type=\"container\" data-settings=\"{&quot;jet_parallax_layout_list&quot;:[]}\">\n\t\t\t\t\t<div class=\"e-con-inner\">\n\t\t<div class=\"elementor-element elementor-element-2c4bebaa e-con-full e-flex e-con e-child\" data-id=\"2c4bebaa\" data-element_type=\"container\" data-e-type=\"container\" data-settings=\"{&quot;background_background&quot;:&quot;classic&quot;,&quot;jet_parallax_layout_list&quot;:[]}\">\n\t\t<div class=\"elementor-element elementor-element-214d9a29 e-flex e-con-boxed e-con e-child\" data-id=\"214d9a29\" data-element_type=\"container\" data-e-type=\"container\" data-settings=\"{&quot;jet_parallax_layout_list&quot;:[]}\">\n\t\t\t\t\t<div class=\"e-con-inner\">\n\t\t<div class=\"elementor-element elementor-element-68142e18 e-con-full e-flex e-con e-child\" data-id=\"68142e18\" data-element_type=\"container\" data-e-type=\"container\" data-settings=\"{&quot;jet_parallax_layout_list&quot;:[]}\">\n\t\t\t\t<div class=\"elementor-element elementor-element-31a17b1e elementor-widget elementor-widget-image\" data-id=\"31a17b1e\" data-element_type=\"widget\" data-e-type=\"widget\" data-widget_type=\"image.default\">\n\t\t\t\t\t\t\t\t\t\t\t\t\t\t\t<img fetchpriority=\"high\" decoding=\"async\" width=\"2419\" height=\"2560\" src=\"https:\/\/myrtoskitchen.previewmysite.online\/wp-content\/uploads\/2025\/12\/Myrto-Kalle-1-\u00a9Xavier-Torres-Bacchetta-scaled.webp\" class=\"attachment-full size-full wp-image-208\" alt=\"\" srcset=\"https:\/\/myrtoskitchen.previewmysite.online\/wp-content\/uploads\/2025\/12\/Myrto-Kalle-1-\u00a9Xavier-Torres-Bacchetta-scaled.webp 2419w, https:\/\/myrtoskitchen.previewmysite.online\/wp-content\/uploads\/2025\/12\/Myrto-Kalle-1-\u00a9Xavier-Torres-Bacchetta-283x300.webp 283w, https:\/\/myrtoskitchen.previewmysite.online\/wp-content\/uploads\/2025\/12\/Myrto-Kalle-1-\u00a9Xavier-Torres-Bacchetta-967x1024.webp 967w, https:\/\/myrtoskitchen.previewmysite.online\/wp-content\/uploads\/2025\/12\/Myrto-Kalle-1-\u00a9Xavier-Torres-Bacchetta-768x813.webp 768w, https:\/\/myrtoskitchen.previewmysite.online\/wp-content\/uploads\/2025\/12\/Myrto-Kalle-1-\u00a9Xavier-Torres-Bacchetta-1451x1536.webp 1451w, https:\/\/myrtoskitchen.previewmysite.online\/wp-content\/uploads\/2025\/12\/Myrto-Kalle-1-\u00a9Xavier-Torres-Bacchetta-1935x2048.webp 1935w\" sizes=\"(max-width: 2419px) 100vw, 2419px\" \/>\t\t\t\t\t\t\t\t\t\t\t\t\t\t\t<\/div>\n\t\t\t\t<div class=\"elementor-element elementor-element-e81859c elementor-position-inline-start elementor-view-default elementor-mobile-position-block-start elementor-widget elementor-widget-icon-box\" data-id=\"e81859c\" data-element_type=\"widget\" data-e-type=\"widget\" data-widget_type=\"icon-box.default\">\n\t\t\t\t\t\t\t<div class=\"elementor-icon-box-wrapper\">\n\n\t\t\t\t\t\t<div class=\"elementor-icon-box-icon\">\n\t\t\t\t<a href=\"mailto:myrtoskitchen@gmail.com\" class=\"elementor-icon\" tabindex=\"-1\" aria-label=\"Correu electr\u00f2nic\">\n\t\t\t\t<i aria-hidden=\"true\" class=\"icon icon-email1\"><\/i>\t\t\t\t<\/a>\n\t\t\t<\/div>\n\t\t\t\n\t\t\t\t\t\t<div class=\"elementor-icon-box-content\">\n\n\t\t\t\t\t\t\t\t\t<h3 class=\"elementor-icon-box-title\">\n\t\t\t\t\t\t<a href=\"mailto:myrtoskitchen@gmail.com\" >\n\t\t\t\t\t\t\tCorreu electr\u00f2nic\t\t\t\t\t\t<\/a>\n\t\t\t\t\t<\/h3>\n\t\t\t\t\n\t\t\t\t\t\t\t\t\t<p class=\"elementor-icon-box-description\">\n\t\t\t\t\t\tmyrtoskitchen@gmail.com\t\t\t\t\t<\/p>\n\t\t\t\t\n\t\t\t<\/div>\n\t\t\t\n\t\t<\/div>\n\t\t\t\t\t\t<\/div>\n\t\t\t\t<\/div>\n\t\t<div class=\"elementor-element elementor-element-49027f8 e-con-full e-flex e-con e-child\" data-id=\"49027f8\" data-element_type=\"container\" data-e-type=\"container\" data-settings=\"{&quot;jet_parallax_layout_list&quot;:[]}\">\n\t\t\t\t<div class=\"elementor-element elementor-element-634b8be3 elementor-invisible elementor-widget elementor-widget-heading\" data-id=\"634b8be3\" data-element_type=\"widget\" data-e-type=\"widget\" data-settings=\"{&quot;_animation&quot;:&quot;fadeInUp&quot;}\" data-widget_type=\"heading.default\">\n\t\t\t\t\t<h2 class=\"elementor-heading-title elementor-size-default\">Envia\u2019m un missatge<\/h2>\t\t\t\t<\/div>\n\t\t\t\t<div class=\"elementor-element elementor-element-2626d749 elementor-widget elementor-widget-text-editor\" data-id=\"2626d749\" data-element_type=\"widget\" data-e-type=\"widget\" data-widget_type=\"text-editor.default\">\n\t\t\t\t\t\t\t\t\tTens una proposta de col\u00b7laboraci\u00f3, vols organitzar un taller a mida o necessites ajuda amb algun dels meus tallers? Envia\u2019m un missatge i et respondr\u00e9 personalment tan aviat com pugui.\t\t\t\t\t\t\t\t<\/div>\n\t\t\t\t<\/div>\n\t\t\t\t\t<\/div>\n\t\t\t\t<\/div>\n\t\t\t\t<\/div>\n\t\t\t\t\t<\/div>\n\t\t\t\t<\/div>\n\t\t<div class=\"elementor-element elementor-element-fc42c52 e-con-full e-flex e-con e-parent\" data-id=\"fc42c52\" data-element_type=\"container\" data-e-type=\"container\" data-settings=\"{&quot;jet_parallax_layout_list&quot;:[]}\">\n\t\t<div class=\"elementor-element elementor-element-d2a45a9 e-con-full e-flex elementor-invisible e-con e-child\" data-id=\"d2a45a9\" data-element_type=\"container\" data-e-type=\"container\" data-settings=\"{&quot;background_background&quot;:&quot;classic&quot;,&quot;animation&quot;:&quot;fadeInUp&quot;,&quot;jet_parallax_layout_list&quot;:[]}\">\n\t\t<div class=\"elementor-element elementor-element-24fb061 e-con-full e-flex e-con e-child\" data-id=\"24fb061\" data-element_type=\"container\" data-e-type=\"container\" data-settings=\"{&quot;jet_parallax_layout_list&quot;:[]}\">\n\t\t\t\t<div class=\"elementor-element elementor-element-94cea2c elementor-widget elementor-widget-heading\" data-id=\"94cea2c\" data-element_type=\"widget\" data-e-type=\"widget\" data-widget_type=\"heading.default\">\n\t\t\t\t\t<h3 class=\"elementor-heading-title elementor-size-default\">Uneix-te a la meva cuina<\/h3>\t\t\t\t<\/div>\n\t\t\t\t<div class=\"elementor-element elementor-element-f024588 elementor-widget elementor-widget-text-editor\" data-id=\"f024588\" data-element_type=\"widget\" data-e-type=\"widget\" data-widget_type=\"text-editor.default\">\n\t\t\t\t\t\t\t\t\t<p>En inscriure\u2019t, acceptes que les teves dades seran tractades per Myrto Kalle amb la finalitat d\u2019enviar-te el butllet\u00ed informatiu. Pots donar-te de baixa en qualsevol moment. M\u00e9s informaci\u00f3 a la nostra\u00a0<a href=\"https:\/\/myrtoskitchen.previewmysite.online\/index.php\/politica-de-privacitat\/\">Pol\u00edtica de Privacitat.<\/a><\/p>\t\t\t\t\t\t\t\t<\/div>\n\t\t\t\t<\/div>\n\t\t\t\t<\/div>\n\t\t\t\t<\/div>\n\t\t\t\t<\/div>\n\t\t","protected":false},"excerpt":{"rendered":"<p>Contacte Inici Contacte Correu electr\u00f2nic myrtoskitchen@gmail.com Envia\u2019m un missatge Tens una proposta de col\u00b7laboraci\u00f3, vols organitzar un taller a mida o necessites ajuda amb algun dels meus tallers? Envia\u2019m un missatge i et respondr\u00e9 personalment tan aviat com pugui. Uneix-te a la meva cuina En inscriure\u2019t, acceptes que les teves dades seran tractades per Myrto [&hellip;]<\/p>\n","protected":false},"author":1,"featured_media":0,"parent":0,"menu_order":0,"comment_status":"closed","ping_status":"closed","template":"elementor_header_footer","meta":{"footnotes":""},"class_list":["post-17","page","type-page","status-publish","hentry"],"_links":{"self":[{"href":"https:\/\/myrtoskitchen.previewmysite.online\/index.php\/wp-json\/wp\/v2\/pages\/17","targetHints":{"allow":["GET"]}}],"collection":[{"href":"https:\/\/myrtoskitchen.previewmysite.online\/index.php\/wp-json\/wp\/v2\/pages"}],"about":[{"href":"https:\/\/myrtoskitchen.previewmysite.online\/index.php\/wp-json\/wp\/v2\/types\/page"}],"author":[{"embeddable":true,"href":"https:\/\/myrtoskitchen.previewmysite.online\/index.php\/wp-json\/wp\/v2\/users\/1"}],"replies":[{"embeddable":true,"href":"https:\/\/myrtoskitchen.previewmysite.online\/index.php\/wp-json\/wp\/v2\/comments?post=17"}],"version-history":[{"count":0,"href":"https:\/\/myrtoskitchen.previewmysite.online\/index.php\/wp-json\/wp\/v2\/pages\/17\/revisions"}],"wp:attachment":[{"href":"https:\/\/myrtoskitchen.previewmysite.online\/index.php\/wp-json\/wp\/v2\/media?parent=17"}],"curies":[{"name":"wp","href":"https:\/\/api.w.org\/{rel}","templated":true}]}}