{"id":975,"date":"2026-01-08T10:26:56","date_gmt":"2026-01-08T09:26:56","guid":{"rendered":"https:\/\/myrtoskitchen.previewmysite.online\/?post_type=product&#038;p=975"},"modified":"2026-01-08T10:30:48","modified_gmt":"2026-01-08T09:30:48","slug":"organitzacio-a-la-cuina","status":"publish","type":"product","link":"https:\/\/myrtoskitchen.previewmysite.online\/index.php\/product\/organitzacio-a-la-cuina\/","title":{"rendered":"Organitzaci\u00f3 a la cuina"},"content":{"rendered":"<p>Data i hora:<br \/>\nDilluns, 9 de febrer a les 19:45<br \/>\nDurada:<br \/>\n1h 15 min<br \/>\nPreu:<br \/>\n20 \u20ac<br \/>\nVols estalviar temps a la cuina i menjar m\u00e9s saludable sense complicacions? Necessites idees per planificar els \u00e0pats de tota la setmana? Aquest taller t\u2019ensenyar\u00e0 estrat\u00e8gies pr\u00e0ctiques per organitzar la teva cuina, preparar ingredients amb antelaci\u00f3 i tenir men\u00fas equilibrats i f\u00e0cils de seguir.<br \/>\nEl taller inclou:<br \/>\n\u2022\tClasse en directe per Zoom, amb demostraci\u00f3 pr\u00e0ctica de com organitzar ingredients i plats<br \/>\n\u2022\tDossier amb recomanacions, plantilles i exemples per aplicar a casa<br \/>\n\u2022\tAcc\u00e9s a la gravaci\u00f3 de la classe per repassar-la quan vulguis<br \/>\n\u2022\tSeguiment i consells addicionals via correu electr\u00f2nic durant un mes<br \/>\nUn taller pr\u00e0ctic i divertit, pensat per estalviar temps, reduir l\u2019estr\u00e8s de la cuina i gaudir d\u2019\u00e0pats saludables tota la setmana.<\/p>\n","protected":false},"excerpt":{"rendered":"<p>Data i hora: Dilluns, 9 de febrer a les 19:45 Durada: 1h 15 min Preu: 20 \u20ac Vols estalviar temps a la cuina i menjar m\u00e9s saludable sense complicacions? Necessites idees per planificar els \u00e0pats de tota la setmana? Aquest taller t\u2019ensenyar\u00e0 estrat\u00e8gies pr\u00e0ctiques per organitzar la teva cuina, preparar ingredients amb antelaci\u00f3 i tenir [&hellip;]<\/p>\n","protected":false},"featured_media":0,"comment_status":"open","ping_status":"closed","template":"","meta":[],"product_brand":[],"product_cat":[60],"product_tag":[],"class_list":{"0":"post-975","1":"product","2":"type-product","3":"status-publish","5":"product_cat-uncategorized","7":"first","8":"instock","9":"shipping-taxable","10":"purchasable","11":"product-type-simple"},"_links":{"self":[{"href":"https:\/\/myrtoskitchen.previewmysite.online\/index.php\/wp-json\/wp\/v2\/product\/975","targetHints":{"allow":["GET"]}}],"collection":[{"href":"https:\/\/myrtoskitchen.previewmysite.online\/index.php\/wp-json\/wp\/v2\/product"}],"about":[{"href":"https:\/\/myrtoskitchen.previewmysite.online\/index.php\/wp-json\/wp\/v2\/types\/product"}],"replies":[{"embeddable":true,"href":"https:\/\/myrtoskitchen.previewmysite.online\/index.php\/wp-json\/wp\/v2\/comments?post=975"}],"wp:attachment":[{"href":"https:\/\/myrtoskitchen.previewmysite.online\/index.php\/wp-json\/wp\/v2\/media?parent=975"}],"wp:term":[{"taxonomy":"product_brand","embeddable":true,"href":"https:\/\/myrtoskitchen.previewmysite.online\/index.php\/wp-json\/wp\/v2\/product_brand?post=975"},{"taxonomy":"product_cat","embeddable":true,"href":"https:\/\/myrtoskitchen.previewmysite.online\/index.php\/wp-json\/wp\/v2\/product_cat?post=975"},{"taxonomy":"product_tag","embeddable":true,"href":"https:\/\/myrtoskitchen.previewmysite.online\/index.php\/wp-json\/wp\/v2\/product_tag?post=975"}],"curies":[{"name":"wp","href":"https:\/\/api.w.org\/{rel}","templated":true}]}}

Organització a la cuina

<p>Data i hora:<br />
Dilluns, 9 de febrer a les 19:45<br />
Durada:<br />
1h 15 min<br />
Preu:<br />
20 €<br />
Vols estalviar temps a la cuina i menjar més saludable sense complicacions? Necessites idees per planificar els àpats de tota la setmana? Aquest taller t’ensenyarà estratègies pràctiques per organitzar la teva cuina, preparar ingredients amb antelació i tenir menús equilibrats i fàcils de seguir.<br />
El taller inclou:<br />
•	Classe en directe per Zoom, amb demostració pràctica de com organitzar ingredients i plats<br />
•	Dossier amb recomanacions, plantilles i exemples per aplicar a casa<br />
•	Accés a la gravació de la classe per repassar-la quan vulguis<br />
•	Seguiment i consells addicionals via correu electrònic durant un mes<br />
Un taller pràctic i divertit, pensat per estalviar temps, reduir l’estrès de la cuina i gaudir d’àpats saludables tota la setmana.</p>

<p>Data i hora: Dilluns, 9 de febrer a les 19:45 Durada: 1h 15 min Preu: 20 € Vols estalviar temps a la cuina i menjar més saludable sense complicacions? Necessites idees per planificar els àpats de tota la setmana? Aquest taller t’ensenyarà estratègies pràctiques per organitzar la teva cuina, preparar ingredients amb antelació i tenir [&hellip;]</p>
